t is the units digit of 43960/42*6/5?
6
Suppose -54 = 9*y + 729. Let w = y - -124. Let j = w - 27. What is the tens digit of j?
1
Suppose -16*k = -4*k - 12. Let z be -3*k/((-6)/394). Let n = z + -50. What is the tens digit of n?
4
Suppose 15 = -3*l - 3. Let h be l/(-27) - 1375/(-9). Suppose -75 = -3*y + h. What is the tens digit of y?
7
Let p(l) be the second derivative of 2*l**4/3 + 2*l**3/3 - 7*l**2/2 + 6*l. What is the tens digit of p(5)?
1
Let r be (-4)/(-40)*-34 - 9/15. Let m be r*24/28*28. Let x = -14 - m. What is the units digit of x?
2
Let f(w) = 45*w - 4. Let j be f(-4). Let s = j + 127. What is the tens digit of 1 + -5 - -3 - s?
5
Let j = -55 + -736. Let f = 126 - j. What is the tens digit of f?
1
Let b(p) = -p + 17. Suppose 2*v + 0*i - i = 24, 48 = 4*v + 4*i. Let h be b(v). Suppose -3*z - h*f + 298 = 0, 5*z - 482 = -2*f + f. What is the tens digit of z?
9
What is the units digit of ((-597)/1194)/(2/(-18712))?
8
Let q(x) = x**3 + 6*x**2 - 8*x - 3. Let t be q(-7). Let r(g) = t*g - g**2 + 23*g + 40 - 8*g. What is the units digit of r(18)?
8
Let d = 24068 + -16285. What is the tens digit of d?
8
What is the ten thousands digit of (8212/(-3))/(4/(-10) - (-616)/3465)?
1
Let a(r) = 8*r**2 - 27*r**2 + 6 - r + 10*r**2 + 10*r**2. What is the tens digit of a(15)?
1
Suppose r - 4*b - 5486 = 0, -3*r + 2*b + 21155 = 4707. What is the units digit of r?
2
Let p(c) = c**2 - 19*c + 38. Let m be p(17). Suppose -2*x = -m*l + 2520, -4*l + 2*l = 4*x - 1280. What is the tens digit of l?
3
Suppose 0 = 741*r - 730*r - 32109. What is the thousands digit of r?
2
Suppose -22*t - 48088 = -644948. What is the ten thousands digit of t?
2
Suppose -4*v + 5*h + 424 = 0, -2*v + 299 = h + 87. Let p = 294 - 288. What is the tens digit of (1 + v)/(p - 5)?
0
What is the ten thousands digit of (-112)/48 + 1 + (-91958)/(-6)?
1
Let i(r) = -20*r**2 + 29*r + 127. Let s(w) = 5*w**2 - 7*w - 32. Let m(g) = 2*i(g) + 9*s(g). What is the hundreds digit of m(-8)?
3
Suppose -8 = -2*v + v. Suppose 0 = 3*t - 7 - v. Suppose 622 = t*f + 62. What is the tens digit of f?
1
Let w = 759 - 1984. Let i = w - -2377. What is the hundreds digit of i?
1
Let u(h) = 145*h**2 + 2*h + 1. Suppose 0*c + c = 3*c. Suppose 2*q + 3*q + 26 = -r, c = 2*r + 2*q + 12. What is the hundreds digit of u(r)?
1
Suppose 22 = 5*t + 7*h - 3*h, 4 = -2*h. Let c(s) be the third derivative of s**5/60 - 5*s**4/24 + 2*s**3/3 - 34*s**2 - s. What is the tens digit of c(t)?
1
Let p(f) = f**2 - 11*f - 8. Let r be 1 + ((-9)/(-6))/((-3)/(-22)). Let x be p(r). What is the units digit of -29*2/x*-6?
7
Let y = -82 - -28. Let k = 56 + y. Suppose k*v - 187 = -q, 2*v + 2*q - 162 = 6*q. What is the units digit of v?
1
Let p be -6 - 17/((-170)/60). Suppose m + b = -p*m + 1683, 5*b - 5057 = -3*m. What is the thousands digit of m?
1
Suppose -5*s = 2*s + 280. What is the units digit of ((-87)/(-5))/((-8)/(s*3))?
1
Suppose -2*z + 64841 = s, -4*s - 113*z + 259378 = -112*z. What is the thousands digit of s?
4
Let n = -36637 - -78318. What is the tens digit of n?
8
Let a(m) = 2*m**3 + m**2 + 2*m - 23. Suppose -114 = -11*t - 8*t. What is the hundreds digit of a(t)?
4
Let k(b) = -142*b + 142. Let c = 193 + -197. What is the tens digit of k(c)?
1
Let m be (-5)/15*-339*1 - -1. Let w = -211 + m. Let c = 37 - w. What is the tens digit of c?
3
Let m be (0 - -2)/(15 + -16). What is the units digit of (-1 - -3)/(4*m/(-1172))?
3
Let b be 4*3/(-54) - (-4970)/9. Let x = -474 + b. What is the units digit of x?
8
Let o = 13075 - 10522. What is the units digit of o?
3
Let v(m) = -2*m + 125. Let a be (-9)/12 - (-525)/12. Suppose -48*b + a*b = 0. What is the units digit of v(b)?
5
What is the hundreds digit of -26 - -26 - (-16649 + (12/(-3) - -4))?
6
Let t be -1 + 39/1 + 0. Suppose -387*d = -370*d - 561. Let f = t + d. What is the tens digit of f?
7
Suppose -32877 = -5*z + d, 3*z + 10*d - 7*d - 19737 = 0. What is the thousands digit of z?
6
Let f be 6*(-12)/(-27) + 6/(-9). Suppose f*r + 5*z = 536, 10*r - 11*r + 5*z = -238. What is the tens digit of r?
5
Suppose 5*j = -23*j + 140. Let z be 5 - (-1)/2*0. Suppose 18 + 1 = 2*l - 5*y, -j*l + z*y = -55. What is the units digit of l?
2
Suppose 5*i = 4*a, 2*i + a = -a. What is the tens digit of i/1 - -24*174/12?
4
Let t(k) = 5*k - 15. Let d(n) = n**2 + 5*n - 16. Suppose -2*m - 4*w + 34 = w, 6 = 2*m - 2*w. Let i(y) = m*d(y) - 6*t(y). What is the tens digit of i(-6)?
0
Suppose 25*y = 207*y - 1155700. What is the thousands digit of y?
6
What is the ten thousands digit of -4*(-17 + -7588 + 2)?
3
Let l(w) = 905*w - 6732. What is the units digit of l(14)?
8
Suppose -4*k + 40 = -100. Let d = k - -21. Let a = d + 2. What is the units digit of a?
8
Suppose 0 = 4*d - 37050 + 31882. What is the tens digit of d?
9
Let t be (-544)/(-40)*(-130)/(-4). Suppose -2*r = 8, 0*u = -2*u + 5*r + t. What is the units digit of u?
1
Let x = 7166 + -2657. What is the units digit of x?
9
Suppose 4*x = -o + 3, 5*x = 2*o + 3*o + 35. Let v(m) = 1178 - x*m - m - 1118. What is the units digit of v(0)?
0
What is the ten thousands digit of (-104312)/(-1652)*(-469)/(-2)?
1
Suppose -330*i + 16492942 = 482332. What is the units digit of i?
7
Suppose 0 = -11*d + 403 + 675. Let a be -1*5/((-20)/12). Suppose -a*c = -d - 82. What is the units digit of c?
0
Let a be (12 + -14)*(-454)/(-4) + -1. Suppose -3*t = 5*k + 309, -34 - 65 = t + 3*k. Let b = t - a. What is the tens digit of b?
2
Suppose -112322 + 157562 - 799640 = -230*a. What is the tens digit of a?
8
Suppose -4*c = -5*c. Let t = c - -4. Suppose -a + 4*l + 85 = 0, a - 497 = -4*a - t*l. What is the units digit of a?
7
Suppose 38 = -2*i + 21*i. Suppose -i*v + 154 + 516 = 0. What is the tens digit of v?
3
Suppose 10*g - 9*g = 3*o - 149812, -99883 = -2*o - g. What is the hundreds digit of o?
9
What is the ten thousands digit of ((-15)/10 - -2) + (-721630)/(-52)?
1
Suppose -2*c + 14872 = -8344. Suppose 0 = -23*w + 5964 + c. What is the tens digit of w?
6
Suppose 0 = 26820*k - 26869*k + 806197. What is the units digit of k?
3
Let x(g) = 84*g - 121. Suppose -10*f + 8*f - 22 = 0. Let u(q) = -17*q + 24. Let j(i) = f*u(i) - 2*x(i). What is the hundreds digit of j(7)?
1
What is the thousands digit of (-22020)/24*384/(-30)?
1
Suppose -26 = -4*p + 3*o, -6*o = -p - 5*o + 7. Suppose -4*f - p*j - 359 = -1921, -2*f = -5*j - 796. What is the tens digit of f?
9
Let h(c) be the first derivative of -c**4/4 - 19*c**3/3 + 5*c**2/2 + 64*c + 52. What is the tens digit of h(-21)?
4
Let t = -10700 + 34863. What is the ten thousands digit of t?
2
Suppose 20*d + 2*k - 4873 = 17*d, -4*d - 5*k + 6509 = 0. What is the hundreds digit of d?
6
Suppose -6*d + 2*d + 52 = 0. Suppose d*k - 10*k - 108 = 0. What is the tens digit of ((-772)/6)/(4/k*-6)?
9
Let p(z) be the second derivative of z**5/20 - 23*z**4/12 + 19*z**3/6 - 17*z**2 - 7*z - 1. What is the tens digit of p(23)?
0
Suppose -3*t - 42 = -3*n + 3, 2*t = 5*n - 66. Let r(l) = -l**3 + 13*l**2 - 10*l + 10. What is the tens digit of r(n)?
3
Suppose 0 = 4*v - 66 - 78. Let z be (2/4)/((-1)/(-48)). Let w = v + z. What is the units digit of w?
0
Let h(i) = -i - 2. Suppose g = -q + 2*q - 5, 2*q = -4*g - 32. Let w be h(g). Suppose 0 = -4*p + w*d + 217, -2*d + 85 = 4*p - 125. What is the tens digit of p?
5
Let i(b) = -1 + 13*b**2 + 7*b**3 - 6*b**3 + 4 + 17*b. Let x = 913 + -922. What is the tens digit of i(x)?
7
Let r(w) = 147*w + 11. Let k be r(6). Let x = k - 628. Let u = x + -141. What is the tens digit of u?
2
Suppose -b + 3*j = -4 + 9, 5*b - 32 = -4*j. Suppose -24 = -4*q - 3*o, -2*q + 2*o = b*o - 10. Suppose q*g = 6*g + 84. What is the tens digit of g?
2
Let n be 8/(-6)*(-3)/(-2). Let s be (1 - 3/n - 2)*434. Let v = -125 + s. What is the units digit of v?
2
Let k = 109 + 22. Suppose k = 4*o - 77. Suppose 2*p - 5*i = p + o, -2 = -i. What is the tens digit of p?
6
Let n = 2698 + 1119. What is the tens digit of n?
1
Suppose 4*g + 36 = -4*x, 2*g - 31 = 8*x - 3*x. Let l be (-5346)/(-126) - 4/x. What is the units digit of l/6 + 4/(-24)?
7
Let z be (-44)/55*30/(-4). Let l be (-220)/(-8) - z/(-12). Suppose 3*h - i = 136, h = -2*i + 29 + l. What is the units digit of h?
7
Let u = 16884 + -8228. What is the tens digit of u?
5
Suppose 0 = -10*j + 16 + 14. Let d(q) = 9*q - 23 + 33 + j*q - 27. What i